150769
What are the prime factors of 116646?
2, 3, 19441
What are the prime factors of 451082?
2, 41, 5501
What are the prime factors of 3728450?
2, 5, 11, 6779
List the prime factors of 1014854.
2, 557, 911
List the prime factors of 4500368.
2, 281273
List the prime factors of 7661.
47, 163
What are the prime factors of 4036619?
1951, 2069
List the prime factors of 160280.
2, 5, 4007
List the prime factors of 1187318.
2, 11, 29, 1861
List the prime factors of 2260876.
2, 97, 5827
List the prime factors of 364334.
2, 182167
List the prime factors of 20145173.
20145173
What are the prime factors of 182915?
5, 36583
List the prime factors of 195165.
3, 5, 4337
List the prime factors of 3198296.
2, 399787
What are the prime factors of 1607654?
2, 23, 34949
What are the prime factors of 32061?
3, 10687
List the prime factors of 1527991.
71, 21521
List the prime factors of 2198050.
2, 5, 43961
List the prime factors of 601326.
2, 3, 11, 3037
What are the prime factors of 109173?
3, 151, 241
What are the prime factors of 2605536?
2, 3, 83, 109
List the prime factors of 229289.
37, 6197
List the prime factors of 94874.
2, 13, 41, 89
List the prime factors of 225576.
2, 3, 13, 241
What are the prime factors of 151705?
5, 30341
What are the prime factors of 42382336?
2, 41389
List the prime factors of 9013860.
2, 3, 5, 50077
List the prime factors of 731246.
2, 59, 6197
List the prime factors of 1897075.
5, 75883
What are the prime factors of 16632649?
11, 1201, 1259
What are the prime factors of 456685?
5, 149, 613
List the prime factors of 22787359.
7, 29, 112253
What are the prime factors of 765082?
2, 382541
What are the prime factors of 42164?
2, 83, 127
List the prime factors of 12169459.
12169459
List the prime factors of 5473499.
641, 8539
What are the prime factors of 87946?
2, 43973
List the prime factors of 8154126.
2, 3, 613, 739
List the prime factors of 2244649.
11, 204059
List the prime factors of 42181.
42181
What are the prime factors of 55709?
17, 29, 113
List the prime factors of 2466160.
2, 5, 29, 1063
What are the prime factors of 786425?
5, 83, 379
List the prime factors of 4814529.
3, 103, 15581
List the prime factors of 325470.
2, 3, 5, 19, 571
List the prime factors of 148113.
3, 7, 2351
What are the prime factors of 199231?
167, 1193
List the prime factors of 158765.
5, 113, 281
List the prime factors of 2225625.
3, 5, 1187
What are the prime factors of 4049287?
11, 368117
List the prime factors of 4581756.
2, 3, 127271
List the prime factors of 20983158.
2, 3, 7, 55511
List the prime factors of 432035.
5, 71, 1217
What are the prime factors of 10025837?
43, 233159
What are the prime factors of 329083?
329083
What are the prime factors of 13184003?
7, 1883429
List the prime factors of 288608.
2, 29, 311
List the prime factors of 169701.
3, 7, 8081
List the prime factors of 2699.
2699
List the prime factors of 35087298.
2, 3, 5847883
What are the prime factors of 2010066?
2, 3, 41, 8171
What are the prime factors of 126878?
2, 63439
List the prime factors of 1929769.
23, 83903
List the prime factors of 705130.
2, 5, 107, 659
List the prime factors of 357734.
2, 13, 13759
What are the prime factors of 1156863?
3, 385621
List the prime factors of 50883.
3, 7, 2423
List the prime factors of 4202568.
2, 3, 58369
List the prime factors of 98688.
2, 3, 257
List the prime factors of 179732.
2, 7, 131
What are the prime factors of 4543632?
2, 3, 139, 227
List the prime factors of 2370312.
2, 3, 7, 4703
List the prime factors of 248180.
2, 5, 12409
What are the prime factors of 146300?
2, 5, 7, 11, 19
What are the prime factors of 616866?
2, 3, 102811
List the prime factors of 623655.
3, 5, 13859
List the prime factors of 1157348.
2, 41, 7057
What are the prime factors of 2550274?
2, 541, 2357
What are the prime factors of 482705?
5, 29, 3329
What are the prime factors of 702655?
5, 89, 1579
What are the prime factors of 249657?
3, 83219
List the prime factors of 1197022.
2, 67, 8933
What are the prime factors of 353561?
13, 27197
List the prime factors of 5244652.
2, 7, 79, 2371
What are the prime factors of 24414894?
2, 3, 7, 37, 5237
List the prime factors of 2213433.
3, 73, 1123
List the prime factors of 27792617.
53, 524389
List the prime factors of 2833328.
2, 61, 2903
What are the prime factors of 745923?
3, 248641
List the prime factors of 571156.
2, 142789
What are the prime factors of 14757329?
23, 641623
What are the prime factors of 333178?
2, 23, 7243
What are the prime factors of 251188?
2, 7, 8971
List the prime factors of 18653741.
641, 29101
What are the prime factors of 27825?
3, 5, 7, 53
List the prime factors of 1530534.
2, 3, 53, 4813
What are the prime factors of 157802?
2, 78901
What are the prime factors of 7283367?
3, 7, 13, 8893
What are the prime factors of 2007705?
3, 5, 7, 19121
What are the prime factors of 1588734?
2, 3, 7, 467
What are the prime factors of 135376?
2, 8461
List the prime factors of 63048.
2, 3, 37, 71
What are the prime factors of 211239?
3, 7, 479
List the prime factors of 338871.
3, 13, 8689
What are the prime factors of 118633?
118633
What are the prime factors of 958001?
11, 17, 47, 109
List the prime factors of 1161461.
7, 277, 599
List the prime factors of 4160577.
3, 1019, 1361
List the prime factors of 191626.
2, 95813
What are the prime factors of 4389742?
2, 7, 313553
What are the prime factors of 1543309?
1543309
List the prime factors of 4598935.
5, 11, 83617
List the prime factors of 772714.
2, 149, 2593
List the prime factors of 118651.
13, 9127
What are the prime factors of 2015136?
2, 3, 6997
List the prime factors of 9927226.
2, 4963613
List the prime factors of 382590.
2, 3, 5, 13, 109
List the prime factors of 5169917.
23, 29, 337
What are the prime factors of 5394719?
11, 23, 21323
What are the prime factors of 243482?
2, 53, 2297
What are the prime factors of 21971730?
2, 3, 5, 11, 139, 479
What are the prime factors of 155787?
3, 51929
List the prime factors of 1478274.
2, 3, 7, 61, 577
List the prime factors of 336548.
2, 84137
What are the prime factors of 9127505?
5, 19, 96079
What are the prime factors of 124080?
2, 3, 5, 11, 47
What are the prime factors of 9656352?
2, 3, 33529
What are the prime factors of 2378809?
1427, 1667
What are the prime factors of 597848?
2, 74731
What are the prime factors of 13700576?
2, 428143
What are the prime factors of 158512?
2, 9907
What are the prime factors of 6189849?
3, 647, 1063
What are the prime factors of 993662?
2, 19, 79, 331
List the prime factors of 1124392.
2, 140549
What are the prime factors of 1543986?
2, 3, 31, 2767
What are the prime factors of 16168739?
797, 20287
What are the prime factors of 485652?
2, 3, 40471
What are the prime factors of 165540?
2, 3, 5, 31, 89
What are the prime factors of 864967?
864967
What are the prime factors of 14905651?
17, 73, 12011
What are the prime factors of 629062?
2, 7, 131
List the prime factors of 425458.
2, 11, 83, 233
What are the prime factors of 92634?
2, 3, 15439
What are the prime factors of 30107937?
3, 439, 22861
List the prime factors of 4440456.
2, 3, 61673
List the prime factors of 5462495.
5, 37, 29527
List the prime factors of 12817249.
1277, 10037
What are the prime factors of 1718742?
2, 3, 286457
List the prime factors of 204186.
2, 3, 34031
List the prime factors of 17298155.
5, 7, 31, 107, 149
What are the prime factors of 2087643?
3, 695881
What are the prime factors of 9312356?
2, 19, 6449
What are the prime factors of 16333939?
19, 859681
What are the prime factors of 3530058?
2, 3, 7, 12007
List the prime factors of 111446.
2, 103, 541
List the prime factors of 290628.
2, 3, 13, 23
List the prime factors of 10148338.
2, 1163, 4363
What are the prime factors of 1472276?
2, 13, 23, 1231
What are the prime factors of 58572?
2, 3, 1627
What are the prime factors of 14801567?
11, 122327
What are the prime factors of 1765951?
11, 160541
List the prime factors of 4395231.
3, 17, 23, 1249
List the prime factors of 1722945.
3, 5, 7, 61, 269
What are the prime factors of 3278944?
2, 19, 5393
What are the prime factors of 7543766?
2, 131, 28793
What are the prime factors of 3898196?
2, 101, 9649
List the prime factors of 121473.
3, 11, 409
List the prime f